 prime factors of (z + 10)*(0 + 1).
2, 7
Suppose -12 = 2*f + 2*f. What are the prime factors of (-410)/(-15) + (-2)/f?
2, 7
Suppose 4*n - n - 324 = 0. List the prime factors of n.
2, 3
Let g be (98/4)/((-10)/(-80)). List the prime factors of (g/(-8))/(-7)*10.
5, 7
Suppose 4*p + 5*k - 18 = 0, -2*k - k = -3*p. Suppose -2*t = -0*t + p*m - 8, 2*m + 8 = 2*t. What are the prime factors of t?
2
Let m(g) = g + 12. Let u be m(-6). Suppose u = p + p. List the prime factors of p/(-12) + (-58)/(-8).
7
Suppose 23*b - 21*b = 274. What are the prime factors of b?
137
Let b = -23 + 42. Let f = b + -12. Suppose 0 = -5*q + 18 + f. List the prime factors of q.
5
Suppose -5*h + 0*h = -4*z - 6, 5*z = 5. Suppose -b + h*b = c + 11, 2*b + 2*c = 30. What are the prime factors of b?
13
Suppose 3*w + q - 419 = -3*q, 5*w - 3*q - 708 = 0. What are the prime factors of w?
3, 47
Let l = -39 + 62. Suppose -4*m - 17 = -2*i + l, m + 100 = 5*i. What are the prime factors of i?
2, 5
Let g = -51 - -83. What are the prime factors of g?
2
Suppose -2*m + 6*m - 24 = 0. Suppose 3*h = 5*h - m. List the prime factors of h.
3
Suppose -2 = -x + 1. What are the prime factors of x/(-2)*8/(-3)?
2
Let f(d) be the second derivative of -3*d**5/4 + d**4/12 - 5*d. List the prime factors of f(-1).
2
Let z be 4/(-16) + 99/12. Suppose -12 = -z*r + 4*r. List the prime factors of r.
3
Let y = -204 + 290. What are the prime factors of y?
2, 43
Let d = 3 - -6. Let c be 30/d - (-4)/6. Suppose -2*r - 5*i - 6 = 0, r + 4*r + c*i - 19 = 0. What are the prime factors of r?
7
Let w(g) be the second derivative of g**3/2 + 2*g**2 + 3*g. List the prime factors of w(3).
13
Let c = -27 + -24. Let q = -29 - c. Suppose -q = -3*n - 7. What are the prime factors of n?
5
Let k(g) = -g**2 - 11*g - 3. Let f be k(-10). Suppose f*u = 3*u + 84. What are the prime factors of u?
3, 7
Suppose i = a - 3*a - 5, -i + 4*a + 25 = 0. Suppose 0 = -s + 3*s. Let z = i - s. What are the prime factors of z?
5
Suppose -5*j + 5 = -5. Suppose -l - 2*d = -36, 7*l - j*l = -5*d + 160. What are the prime factors of l?
2, 7
Let o = -3 + 28. Suppose 5*x - 2*x = -4*v + o, 2*v + 3*x = 17. Suppose -v*t - 16 = -5*t. List the prime factors of t.
2
Let w be (2 + 5)*(-2 - 2). Let a = 44 + w. What are the prime factors of a?
2
Let r(f) be the third derivative of -5*f**4/8 + f**3/6 - f**2. What are the prime factors of r(-1)?
2
Suppose c - 5 = 3*o, -2*c - 8*o = -4*o - 40. List the prime factors of c.
2, 7
Let k(o) = -o - o**2 + 13*o**2 + 12 + 4*o**3 - 3*o**3. What are the prime factors of k(-12)?
2, 3
Let h(j) = -j**2 - 5*j - 3. Let n be h(-5). Let k be 2/n*3/(-1). Suppose -3 = -k*s + 35. List the prime factors of s.
19
Suppose 4*k + 3*w = 5, w - 2 = -3*k - 3*w. Suppose -k*q - 2*q + 96 = 4*x, 3*q - 49 = -2*x. List the prime factors of x.
23
Let h = 195 - -43. What are the prime factors of h?
2, 7, 17
Suppose 0 = x - 3, 2*o + x - 8 = 3*o. List the prime factors of 14/(-35) + (-47)/o.
3
Suppose -l + 2*d - 47 + 124 = 0, 4*l = -3*d + 308. List the prime factors of l.
7, 11
Suppose -12*p + 7*p = -170. What are the prime factors of p?
2, 17
Suppose 4*d = 2*q + 14, 30 = 4*q + 4*d - 2. Suppose 0 = -q*g - n - 2*n + 129, 2*g = -n + 83. What are the prime factors of g?
2, 5
Let p = -33 - -60. List the prime factors of p.
3
Suppose 4*k + 0 = -16, -2*c = -k - 166. Suppose -5*n + c = -2*n. List the prime factors of n.
3
Let d(l) = 4*l**2 + 4*l - 2. Let y be d(-4). Let u = y + -69. Let c = 32 + u. List the prime factors of c.
3
Let o(w) = -6*w**2 - 2*w - 2. Let k be o(-1). What are the prime factors of ((-54)/(-12))/(k/(-56))?
2, 3, 7
Let i(v) = -32*v**3 + v**2 + 6*v + 10. List the prime factors of i(-2).
2, 3, 43
Suppose 0 = -4*p - 2*f + 16, -2*p + 13 = -2*f - 1. Suppose 3*a = -p*h + 40 + 24, 46 = 3*a - 4*h. What are the prime factors of a?
2, 3
Let w = -136 + 213. What are the prime factors of w?
7, 11
Suppose -2*u = -3*y - 4, 2*y - 31 = -5*u - y. What are the prime factors of u?
5
Suppose -q - 3 + 5 = 0. Let i(r) = 10*r + 3. List the prime factors of i(q).
23
Let f(k) = k**3 - 4*k**2 - 6*k + 5. Let o be f(5). Suppose n + o*n - 33 = 0. List the prime factors of n.
3, 11
Suppose -4*b - 3*s = -93, -10 + 4 = -b + 5*s. Suppose 5*d + 1 = b. List the prime factors of d.
2
Let v(c) = -c**2 + 3*c + 4. Let l be v(3). Suppose l*b = -17 - 15. Let s = 13 + b. List the prime factors of s.
5
Let z = 14 - 10. Suppose -2*g = -5*y + 2 - z, -y + 20 = 3*g. What are the prime factors of g?
2, 3
Let m(j) = 2*j**3 - 3 + 4 - 3*j**3 + 0*j**2 - j - 6*j**2. What are the prime factors of m(-6)?
7
What are the prime factors of (-1 - (-36)/20)*270/4?
2, 3
Let h be (-44)/(-6) + (-1)/3. Suppose -16 = g - 5*f, 32 - h = 5*f. List the prime factors of g.
3
Let d = -14 - -41. Suppose 4*j - d = 49. What are the prime factors of j?
19
Suppose 7*j - 10*j + 606 = 0. What are the prime factors of j?
2, 101
Suppose g + 114 = 4*g. Let v = 103 + -124. Let f = v + g. What are the prime factors of f?
17
Let p be 98/5 - (-2)/5. List the prime factors of p*(24/(-10))/(-3).
2
Suppose -4*u + 22 = -2. List the prime factors of u.
2, 3
Suppose -5*a = 3*d - 139, -a + 49 = -0*d + d. What are the prime factors of d?
53
Let g(w) = -w**3 + 7*w**2 - 6*w - 5. Let h be g(6). What are the prime factors of (0 - -2) + h - -19?
2
Let v = 13 + -14. What are the prime factors of v/(-2) + (-87)/(-6)?
3, 5
Suppose -8*s = 5*s - 2925. List the prime factors of s.
3, 5
Suppose 276 = 16*b - 15*b. What are the prime factors of b?
2, 3, 23
Suppose 3*x - 6 = 6. Let z = x - 0. Suppose g - 18 - 17 = 3*h, z*g + 3*h = 65. What are the prime factors of g?
2, 5
Let i(w) = 29*w + 6. What are the prime factors of i(2)?
2
Let o(z) = 15*z - 20. Let m(q) = -3*q + 4. Let p(k) = -11*m(k) - 2*o(k). List the prime factors of p(6).
2, 7
Let p(h) be the first derivative of h**3/3 - 4*h - 1. Let q be p(4). Let r = 17 - q. What are the prime factors of r?
5
Let r = -1 + 4. Suppose r*q - 18 = 2*q. List the prime factors of q.
2, 3
Let d be (-3)/6*2 + 3. List the prime factors of (d - -7)/((-2)/(-6)).
3
Suppose 2*j + 5 = 7*j. Let w(s) be the first derivative of 2*s**4 - s**3/3 + s**2/2 - s + 1. What are the prime factors of w(j)?
7
Suppose 3*j = -5*k + 172, -5*k = 4*j - 139 - 92. Suppose 5*m + 2*c = 125, -2*m = -c + 18 - j. What are the prime factors of m?
23
Let n(p) = -16*p + 3. Let s be 2 - (-2 + 3) - 4. What are the prime factors of n(s)?
3, 17
Let k(z) = -z + 3. Let q be k(-5). Suppose q = -3*x + 5*x. Let s = 7 - x. What are the prime factors of s?
3
Let o = -5 - -3. What are the prime factors of 73/3 - o/(-6)?
2, 3
Suppose 0 = -o - 0*o. Let f be -42*(-3 + o - -2). Suppose -2*c - f = -5*c. What are the prime factors of c?
2, 7
Suppose -25 = 5*x, -4*a - 5 - 20 = x. Let u(p) = -8*p + 2. Let t(v) = 9*v - 3. Let c(o) = a*u(o) - 4*t(o). List the prime factors of c(4).
2, 3
Let p(t) = -t**2 - t + 2. Let s be p(2). What are the prime factors of 6/s*114/(-9)?
19
What are the prime factors of 3/(-12) - (-1491)/28?
53
Let i be (8/1)/(1 - -1). Suppose 0 = -2*l - g, -5*l + 0 = i*g + 6. List the prime factors of (6*l)/(2/1).
2, 3
Let a(v) = -v**2 + 10*v - 7. Let z be a(9). Suppose k + 14 = z*k. What are the prime factors of k?
2, 7
Let p be (6/(-4))/(15/(-80)). Suppose -g + p = -3*q, -2*g + 14 = -g - q. What are the prime factors of g?
17
Suppose 4*z - 20 = 8*z, -4*z = 3*f - 13. Suppose 4*v - f = 5. Suppose -5*y + 6 = v*h, -11 = -5*h - 5*y - 1. What are the prime factors of h?
2
Let y = -58 + 71. What are the prime factors of y?
13
Let b(o) = -13*o**3 + 1. Let d be b(-1). Let h = -12 + d. List the prime factors of h.
2
Suppose 3*r + 3*s - 30 = -9, -17 = -5*r + s. Suppose -4 = -2*g - r*x + 8, 75 = 5*g - 5*x. List the prime factors of g.
2, 3
List the prime factors of (-3)/(-7) + (-2440)/(-56).
2, 11
Let m = 32 + -8. Suppose p = 4*p + m. Let h(g) = g + 14. List the prime factors of h(p).
2, 3
Suppose -5*p - 20 = 2*d, 3 = 4*d - p - 1. Suppose 3*f = d, 3*w - 4*w - 5*f + 4 = 0. Suppose w*a - 24 = 2*a. List the prime factors of a.
2, 3
Let c = 63 + -37. Let t = -23 + c. List the prime factors of t.
3
List the prime factors of (2 - -387)*(-18 - -19).
389
Let z = 2 + 16. Suppose 0 = -3*m + z + 3. List the prime factors of m.
7
Suppose 2*h + 2 = 10. Let s be (-78)/(-2)*(-13